{"version":"1.0","provider_name":"Klaus Kunze","provider_url":"https:\/\/klauskunze.com\/blog","author_name":"Klaus Kunze","author_url":"https:\/\/klauskunze.com\/blog\/author\/klaus-kunze\/","title":"Hetzjagd auf den \"Rassismus\" - Klaus Kunze","type":"rich","width":600,"height":338,"html":"<blockquote class=\"wp-embedded-content\" data-secret=\"0pbp3QyiD3\"><a href=\"https:\/\/klauskunze.com\/blog\/2020\/03\/03\/hetzjagd-auf-den-rassismus\/\">Hetzjagd auf den &#8222;Rassismus&#8220;<\/a><\/blockquote><iframe sandbox=\"allow-scripts\" security=\"restricted\" src=\"https:\/\/klauskunze.com\/blog\/2020\/03\/03\/hetzjagd-auf-den-rassismus\/embed\/#?secret=0pbp3QyiD3\" width=\"600\" height=\"338\" title=\"&#8222;Hetzjagd auf den &#8222;Rassismus&#8220;&#8220; &#8211; Klaus Kunze\" data-secret=\"0pbp3QyiD3\" frameborder=\"0\" marginwidth=\"0\" marginheight=\"0\" scrolling=\"no\" class=\"wp-embedded-content\"><\/iframe><script type=\"text\/javascript\">\n\/* <![CDATA[ *\/\n\/*! This file is auto-generated *\/\n!function(d,l){\"use strict\";l.querySelector&&d.addEventListener&&\"undefined\"!=typeof URL&&(d.wp=d.wp||{},d.wp.receiveEmbedMessage||(d.wp.receiveEmbedMessage=function(e){var t=e.data;if((t||t.secret||t.message||t.value)&&!\/[^a-zA-Z0-9]\/.test(t.secret)){for(var s,r,n,a=l.querySelectorAll('iframe[data-secret=\"'+t.secret+'\"]'),o=l.querySelectorAll('blockquote[data-secret=\"'+t.secret+'\"]'),c=new RegExp(\"^https?:$\",\"i\"),i=0;i<o.length;i++)o[i].style.display=\"none\";for(i=0;i<a.length;i++)s=a[i],e.source===s.contentWindow&&(s.removeAttribute(\"style\"),\"height\"===t.message?(1e3<(r=parseInt(t.value,10))?r=1e3:~~r<200&&(r=200),s.height=r):\"link\"===t.message&&(r=new URL(s.getAttribute(\"src\")),n=new URL(t.value),c.test(n.protocol))&&n.host===r.host&&l.activeElement===s&&(d.top.location.href=t.value))}},d.addEventListener(\"message\",d.wp.receiveEmbedMessage,!1),l.addEventListener(\"DOMContentLoaded\",function(){for(var e,t,s=l.querySelectorAll(\"iframe.wp-embedded-content\"),r=0;r<s.length;r++)(t=(e=s[r]).getAttribute(\"data-secret\"))||(t=Math.random().toString(36).substring(2,12),e.src+=\"#?secret=\"+t,e.setAttribute(\"data-secret\",t)),e.contentWindow.postMessage({message:\"ready\",secret:t},\"*\")},!1)))}(window,document);\n\/\/# sourceURL=https:\/\/klauskunze.com\/blog\/wp-includes\/js\/wp-embed.min.js\n\/* ]]> *\/\n<\/script>\n","thumbnail_url":"https:\/\/klauskunze.com\/blog\/wp-content\/uploads\/2020\/03\/46518655_208234303415801_2874968154944045056_n-1.jpg","thumbnail_width":679,"thumbnail_height":677,"description":"Die Propagandatrommeln dr\u00f6hnen Die Propagandatrommeln dr\u00f6hnen uns t\u00e4glich in den Ohren. Anderthalb Wochen nach den rassistischen Morden in Hanau hat die Bundesregierung erkl\u00e4rt, dass sie das Thema Rassismus und Rechtsextremismus dauerhaft ins Kabinett holen will. Bundeskanzlerin Angela Merkel k\u00fcndigte am Montag nach dem Integrationsgipfel im Kanzleramt die Einrichtung eines Kabinettsausschusses an, der Ma\u00dfnahmen beschlie\u00dfen soll. [&hellip;]"}

Die Propagandatrommeln dröhnen Die Propagandatrommeln dröhnen uns täglich in den Ohren. Anderthalb Wochen nach den rassistischen Morden in Hanau hat die Bundesregierung erklärt, dass sie das Thema Rassismus und Rechtsextremismus dauerhaft ins Kabinett holen will. Bundeskanzlerin Angela Merkel kündigte am Montag nach dem Integrationsgipfel im Kanzleramt die Einrichtung eines Kabinettsausschusses an, der Maßnahmen beschließen soll. [&hellip;]
