{"version":"1.0","provider_name":"Klaus Kunze","provider_url":"https:\/\/klauskunze.com\/blog","author_name":"Klaus Kunze","author_url":"https:\/\/klauskunze.com\/blog\/author\/klaus-kunze\/","title":"Nationale Solidarit\u00e4t im demokratischen Verfassungsstaat - Klaus Kunze","type":"rich","width":600,"height":338,"html":"<blockquote class=\"wp-embedded-content\" data-secret=\"S07Yp0OcVe\"><a href=\"https:\/\/klauskunze.com\/blog\/2020\/07\/22\/nationale-solidaritaet-im-demokratischen-verfassungsstaat\/\">Nationale Solidarit\u00e4t im demokratischen Verfassungsstaat<\/a><\/blockquote><iframe sandbox=\"allow-scripts\" security=\"restricted\" src=\"https:\/\/klauskunze.com\/blog\/2020\/07\/22\/nationale-solidaritaet-im-demokratischen-verfassungsstaat\/embed\/#?secret=S07Yp0OcVe\" width=\"600\" height=\"338\" title=\"&#8222;Nationale Solidarit\u00e4t im demokratischen Verfassungsstaat&#8220; &#8211; Klaus Kunze\" data-secret=\"S07Yp0OcVe\" frameborder=\"0\" marginwidth=\"0\" marginheight=\"0\" scrolling=\"no\" class=\"wp-embedded-content\"><\/iframe><script type=\"text\/javascript\">\n\/* <![CDATA[ *\/\n\/*! This file is auto-generated *\/\n!function(d,l){\"use strict\";l.querySelector&&d.addEventListener&&\"undefined\"!=typeof URL&&(d.wp=d.wp||{},d.wp.receiveEmbedMessage||(d.wp.receiveEmbedMessage=function(e){var t=e.data;if((t||t.secret||t.message||t.value)&&!\/[^a-zA-Z0-9]\/.test(t.secret)){for(var s,r,n,a=l.querySelectorAll('iframe[data-secret=\"'+t.secret+'\"]'),o=l.querySelectorAll('blockquote[data-secret=\"'+t.secret+'\"]'),c=new RegExp(\"^https?:$\",\"i\"),i=0;i<o.length;i++)o[i].style.display=\"none\";for(i=0;i<a.length;i++)s=a[i],e.source===s.contentWindow&&(s.removeAttribute(\"style\"),\"height\"===t.message?(1e3<(r=parseInt(t.value,10))?r=1e3:~~r<200&&(r=200),s.height=r):\"link\"===t.message&&(r=new URL(s.getAttribute(\"src\")),n=new URL(t.value),c.test(n.protocol))&&n.host===r.host&&l.activeElement===s&&(d.top.location.href=t.value))}},d.addEventListener(\"message\",d.wp.receiveEmbedMessage,!1),l.addEventListener(\"DOMContentLoaded\",function(){for(var e,t,s=l.querySelectorAll(\"iframe.wp-embedded-content\"),r=0;r<s.length;r++)(t=(e=s[r]).getAttribute(\"data-secret\"))||(t=Math.random().toString(36).substring(2,12),e.src+=\"#?secret=\"+t,e.setAttribute(\"data-secret\",t)),e.contentWindow.postMessage({message:\"ready\",secret:t},\"*\")},!1)))}(window,document);\n\/\/# sourceURL=https:\/\/klauskunze.com\/blog\/wp-includes\/js\/wp-embed.min.js\n\/* ]]> *\/\n<\/script>\n","thumbnail_url":"https:\/\/klauskunze.com\/blog\/wp-content\/uploads\/2020\/07\/Arthur_Kampf_Volksopfer_1813a.jpg","thumbnail_width":1328,"thumbnail_height":726,"description":"Solidarit\u00e4t ist national W\u00e4hrend bald also Milliardensummen aus den solide wirtschaftenden n\u00f6rdlichen EU-L\u00e4ndern abflie\u00dfen werden, dr\u00e4ngt sich die Frage auf: Ist es legitim, heute unsere Kinder und Kindeskinder zu verschulden und das geliehene Geld in dem gro\u00dfen, schwarzen Loch S\u00fcdeuropas zu versenken? Kritiker hatten schon bei Schaffung des Euro darauf hingewiesen, da\u00df langfristige Stabilit\u00e4t der [&hellip;]"}

Nationale Solidarität im demokratischen Verfassungsstaat - Klaus Kunze

<blockquote class="wp-embedded-content" data-secret="S07Yp0OcVe"><a href="https://klauskunze.com/blog/2020/07/22/nationale-solidaritaet-im-demokratischen-verfassungsstaat/">Nationale Solidarität im demokratischen Verfassungsstaat</a></blockquote><iframe sandbox="allow-scripts" security="restricted" src="https://klauskunze.com/blog/2020/07/22/nationale-solidaritaet-im-demokratischen-verfassungsstaat/embed/#?secret=S07Yp0OcVe" width="600" height="338" title="&#8222;Nationale Solidarität im demokratischen Verfassungsstaat&#8220; &#8211; Klaus Kunze" data-secret="S07Yp0OcVe" frameborder="0" marginwidth="0" marginheight="0" scrolling="no" class="wp-embedded-content"></iframe><script type="text/javascript">
/* <![CDATA[ */
/*! This file is auto-generated */
!function(d,l){"use strict";l.querySelector&&d.addEventListener&&"undefined"!=typeof URL&&(d.wp=d.wp||{},d.wp.receiveEmbedMessage||(d.wp.receiveEmbedMessage=function(e){var t=e.data;if((t||t.secret||t.message||t.value)&&!/[^a-zA-Z0-9]/.test(t.secret)){for(var s,r,n,a=l.querySelectorAll('iframe[data-secret="'+t.secret+'"]'),o=l.querySelectorAll('blockquote[data-secret="'+t.secret+'"]'),c=new RegExp("^https?:$","i"),i=0;i<o.length;i++)o[i].style.display="none";for(i=0;i<a.length;i++)s=a[i],e.source===s.contentWindow&&(s.removeAttribute("style"),"height"===t.message?(1e3<(r=parseInt(t.value,10))?r=1e3:~~r<200&&(r=200),s.height=r):"link"===t.message&&(r=new URL(s.getAttribute("src")),n=new URL(t.value),c.test(n.protocol))&&n.host===r.host&&l.activeElement===s&&(d.top.location.href=t.value))}},d.addEventListener("message",d.wp.receiveEmbedMessage,!1),l.addEventListener("DOMContentLoaded",function(){for(var e,t,s=l.querySelectorAll("iframe.wp-embedded-content"),r=0;r<s.length;r++)(t=(e=s[r]).getAttribute("data-secret"))||(t=Math.random().toString(36).substring(2,12),e.src+="#?secret="+t,e.setAttribute("data-secret",t)),e.contentWindow.postMessage({message:"ready",secret:t},"*")},!1)))}(window,document);
//# sourceURL=https://klauskunze.com/blog/wp-includes/js/wp-embed.min.js
/* ]]> */
</script>

Solidarität ist national Während bald also Milliardensummen aus den solide wirtschaftenden nördlichen EU-Ländern abfließen werden, drängt sich die Frage auf: Ist es legitim, heute unsere Kinder und Kindeskinder zu verschulden und das geliehene Geld in dem großen, schwarzen Loch Südeuropas zu versenken? Kritiker hatten schon bei Schaffung des Euro darauf hingewiesen, daß langfristige Stabilität der [&hellip;]
