{"version":"1.0","provider_name":"Klaus Kunze","provider_url":"https:\/\/klauskunze.com\/blog","author_name":"Klaus Kunze","author_url":"https:\/\/klauskunze.com\/blog\/author\/klaus-kunze\/","title":"Die Krise des Parlamentarismus - Klaus Kunze","type":"rich","width":600,"height":338,"html":"<blockquote class=\"wp-embedded-content\" data-secret=\"9HN8zAyHMl\"><a href=\"https:\/\/klauskunze.com\/blog\/2021\/06\/07\/die-krise-des-parlamentarismus\/\">Die Krise des Parlamentarismus<\/a><\/blockquote><iframe sandbox=\"allow-scripts\" security=\"restricted\" src=\"https:\/\/klauskunze.com\/blog\/2021\/06\/07\/die-krise-des-parlamentarismus\/embed\/#?secret=9HN8zAyHMl\" width=\"600\" height=\"338\" title=\"&#8222;Die Krise des Parlamentarismus&#8220; &#8211; Klaus Kunze\" data-secret=\"9HN8zAyHMl\" frameborder=\"0\" marginwidth=\"0\" marginheight=\"0\" scrolling=\"no\" class=\"wp-embedded-content\"><\/iframe><script type=\"text\/javascript\">\n\/* <![CDATA[ *\/\n\/*! This file is auto-generated *\/\n!function(d,l){\"use strict\";l.querySelector&&d.addEventListener&&\"undefined\"!=typeof URL&&(d.wp=d.wp||{},d.wp.receiveEmbedMessage||(d.wp.receiveEmbedMessage=function(e){var t=e.data;if((t||t.secret||t.message||t.value)&&!\/[^a-zA-Z0-9]\/.test(t.secret)){for(var s,r,n,a=l.querySelectorAll('iframe[data-secret=\"'+t.secret+'\"]'),o=l.querySelectorAll('blockquote[data-secret=\"'+t.secret+'\"]'),c=new RegExp(\"^https?:$\",\"i\"),i=0;i<o.length;i++)o[i].style.display=\"none\";for(i=0;i<a.length;i++)s=a[i],e.source===s.contentWindow&&(s.removeAttribute(\"style\"),\"height\"===t.message?(1e3<(r=parseInt(t.value,10))?r=1e3:~~r<200&&(r=200),s.height=r):\"link\"===t.message&&(r=new URL(s.getAttribute(\"src\")),n=new URL(t.value),c.test(n.protocol))&&n.host===r.host&&l.activeElement===s&&(d.top.location.href=t.value))}},d.addEventListener(\"message\",d.wp.receiveEmbedMessage,!1),l.addEventListener(\"DOMContentLoaded\",function(){for(var e,t,s=l.querySelectorAll(\"iframe.wp-embedded-content\"),r=0;r<s.length;r++)(t=(e=s[r]).getAttribute(\"data-secret\"))||(t=Math.random().toString(36).substring(2,12),e.src+=\"#?secret=\"+t,e.setAttribute(\"data-secret\",t)),e.contentWindow.postMessage({message:\"ready\",secret:t},\"*\")},!1)))}(window,document);\n\/\/# sourceURL=https:\/\/klauskunze.com\/blog\/wp-includes\/js\/wp-embed.min.js\n\/* ]]> *\/\n<\/script>\n","thumbnail_url":"https:\/\/klauskunze.com\/blog\/wp-content\/uploads\/2020\/09\/1200px-Reichstag_Giebel2.jpg","thumbnail_width":1200,"thumbnail_height":900,"description":"Nein, nicht &#8222;die Demokratie&#8220; kriselt. Gern erz\u00e4hlen uns die herrschenden Parteieliten die Legende von unserer Demokratie in gro\u00dfer Gefahr. Tats\u00e4chlich befindet sich aber lediglich das parlamentarische Regierungssystem in einer Legitimationskrise. Dominik Geppert lehrt Geschichte des 19. und 20. Jahrhunderts an der Universit\u00e4t Potsdam und ist Sprecher der Kommission zur Geschichte des Parlamentarismus. Er unterscheidet richtig: [&hellip;]"}

Nein, nicht &#8222;die Demokratie&#8220; kriselt. Gern erzählen uns die herrschenden Parteieliten die Legende von unserer Demokratie in großer Gefahr. Tatsächlich befindet sich aber lediglich das parlamentarische Regierungssystem in einer Legitimationskrise. Dominik Geppert lehrt Geschichte des 19. und 20. Jahrhunderts an der Universität Potsdam und ist Sprecher der Kommission zur Geschichte des Parlamentarismus. Er unterscheidet richtig: [&hellip;]
