{"version":"1.0","provider_name":"Klaus Kunze","provider_url":"https:\/\/klauskunze.com\/blog","author_name":"Klaus Kunze","author_url":"https:\/\/klauskunze.com\/blog\/author\/klaus-kunze\/","title":"Vom Nationalstaat zum Gesinnungsstaat - Klaus Kunze","type":"rich","width":600,"height":338,"html":"<blockquote class=\"wp-embedded-content\" data-secret=\"kuzf2udMJj\"><a href=\"https:\/\/klauskunze.com\/blog\/2021\/07\/03\/vom-nationalstaat-zum-gesinnungsstaat\/\">Vom Nationalstaat zum Gesinnungsstaat<\/a><\/blockquote><iframe sandbox=\"allow-scripts\" security=\"restricted\" src=\"https:\/\/klauskunze.com\/blog\/2021\/07\/03\/vom-nationalstaat-zum-gesinnungsstaat\/embed\/#?secret=kuzf2udMJj\" width=\"600\" height=\"338\" title=\"&#8222;Vom Nationalstaat zum Gesinnungsstaat&#8220; &#8211; Klaus Kunze\" data-secret=\"kuzf2udMJj\" frameborder=\"0\" marginwidth=\"0\" marginheight=\"0\" scrolling=\"no\" class=\"wp-embedded-content\"><\/iframe><script type=\"text\/javascript\">\n\/* <![CDATA[ *\/\n\/*! This file is auto-generated *\/\n!function(d,l){\"use strict\";l.querySelector&&d.addEventListener&&\"undefined\"!=typeof URL&&(d.wp=d.wp||{},d.wp.receiveEmbedMessage||(d.wp.receiveEmbedMessage=function(e){var t=e.data;if((t||t.secret||t.message||t.value)&&!\/[^a-zA-Z0-9]\/.test(t.secret)){for(var s,r,n,a=l.querySelectorAll('iframe[data-secret=\"'+t.secret+'\"]'),o=l.querySelectorAll('blockquote[data-secret=\"'+t.secret+'\"]'),c=new RegExp(\"^https?:$\",\"i\"),i=0;i<o.length;i++)o[i].style.display=\"none\";for(i=0;i<a.length;i++)s=a[i],e.source===s.contentWindow&&(s.removeAttribute(\"style\"),\"height\"===t.message?(1e3<(r=parseInt(t.value,10))?r=1e3:~~r<200&&(r=200),s.height=r):\"link\"===t.message&&(r=new URL(s.getAttribute(\"src\")),n=new URL(t.value),c.test(n.protocol))&&n.host===r.host&&l.activeElement===s&&(d.top.location.href=t.value))}},d.addEventListener(\"message\",d.wp.receiveEmbedMessage,!1),l.addEventListener(\"DOMContentLoaded\",function(){for(var e,t,s=l.querySelectorAll(\"iframe.wp-embedded-content\"),r=0;r<s.length;r++)(t=(e=s[r]).getAttribute(\"data-secret\"))||(t=Math.random().toString(36).substring(2,12),e.src+=\"#?secret=\"+t,e.setAttribute(\"data-secret\",t)),e.contentWindow.postMessage({message:\"ready\",secret:t},\"*\")},!1)))}(window,document);\n\/\/# sourceURL=https:\/\/klauskunze.com\/blog\/wp-includes\/js\/wp-embed.min.js\n\/* ]]> *\/\n<\/script>\n","thumbnail_url":"https:\/\/klauskunze.com\/blog\/wp-content\/uploads\/2021\/07\/20210703_131001a-1024x841.jpg","thumbnail_width":1024,"thumbnail_height":841,"description":"Warum sie das deutsche Volk abschaffen 2013 nahm Merkel bei einer CDU-Wahlparty ihrem Generalsekret\u00e4r Hermann Gr\u00f6he ein schwarz-rot-goldenes F\u00e4hnchen aus der Hand. Es sollte nicht mit aufs Bild. Das war kein Ausrutscher der Kanzlerin. Die Funktion\u00e4rskaste der Union hat sich vom deutschen Volk verabschiedet. Sie macht sich dadurch koalitionskompatibel zu den notorischen Deutschlandhassern linker Parteien. [&hellip;]"}

Warum sie das deutsche Volk abschaffen 2013 nahm Merkel bei einer CDU-Wahlparty ihrem Generalsekretär Hermann Gröhe ein schwarz-rot-goldenes Fähnchen aus der Hand. Es sollte nicht mit aufs Bild. Das war kein Ausrutscher der Kanzlerin. Die Funktionärskaste der Union hat sich vom deutschen Volk verabschiedet. Sie macht sich dadurch koalitionskompatibel zu den notorischen Deutschlandhassern linker Parteien. [&hellip;]
