{"version":"1.0","provider_name":"Klaus Kunze","provider_url":"https:\/\/klauskunze.com\/blog","author_name":"Klaus Kunze","author_url":"https:\/\/klauskunze.com\/blog\/author\/klaus-kunze\/","title":"Die Not von Volk und Staat - Klaus Kunze","type":"rich","width":600,"height":338,"html":"<blockquote class=\"wp-embedded-content\" data-secret=\"s03bQIq889\"><a href=\"https:\/\/klauskunze.com\/blog\/2021\/11\/15\/die-not-von-volk-und-staat\/\">Die Not von Volk und Staat<\/a><\/blockquote><iframe sandbox=\"allow-scripts\" security=\"restricted\" src=\"https:\/\/klauskunze.com\/blog\/2021\/11\/15\/die-not-von-volk-und-staat\/embed\/#?secret=s03bQIq889\" width=\"600\" height=\"338\" title=\"&#8222;Die Not von Volk und Staat&#8220; &#8211; Klaus Kunze\" data-secret=\"s03bQIq889\" frameborder=\"0\" marginwidth=\"0\" marginheight=\"0\" scrolling=\"no\" class=\"wp-embedded-content\"><\/iframe><script type=\"text\/javascript\">\n\/* <![CDATA[ *\/\n\/*! This file is auto-generated *\/\n!function(d,l){\"use strict\";l.querySelector&&d.addEventListener&&\"undefined\"!=typeof URL&&(d.wp=d.wp||{},d.wp.receiveEmbedMessage||(d.wp.receiveEmbedMessage=function(e){var t=e.data;if((t||t.secret||t.message||t.value)&&!\/[^a-zA-Z0-9]\/.test(t.secret)){for(var s,r,n,a=l.querySelectorAll('iframe[data-secret=\"'+t.secret+'\"]'),o=l.querySelectorAll('blockquote[data-secret=\"'+t.secret+'\"]'),c=new RegExp(\"^https?:$\",\"i\"),i=0;i<o.length;i++)o[i].style.display=\"none\";for(i=0;i<a.length;i++)s=a[i],e.source===s.contentWindow&&(s.removeAttribute(\"style\"),\"height\"===t.message?(1e3<(r=parseInt(t.value,10))?r=1e3:~~r<200&&(r=200),s.height=r):\"link\"===t.message&&(r=new URL(s.getAttribute(\"src\")),n=new URL(t.value),c.test(n.protocol))&&n.host===r.host&&l.activeElement===s&&(d.top.location.href=t.value))}},d.addEventListener(\"message\",d.wp.receiveEmbedMessage,!1),l.addEventListener(\"DOMContentLoaded\",function(){for(var e,t,s=l.querySelectorAll(\"iframe.wp-embedded-content\"),r=0;r<s.length;r++)(t=(e=s[r]).getAttribute(\"data-secret\"))||(t=Math.random().toString(36).substring(2,12),e.src+=\"#?secret=\"+t,e.setAttribute(\"data-secret\",t)),e.contentWindow.postMessage({message:\"ready\",secret:t},\"*\")},!1)))}(window,document);\n\/\/# sourceURL=https:\/\/klauskunze.com\/blog\/wp-includes\/js\/wp-embed.min.js\n\/* ]]> *\/\n<\/script>\n","thumbnail_url":"https:\/\/klauskunze.com\/blog\/wp-content\/uploads\/2021\/11\/farben-der-macht-318922963a.jpg","thumbnail_width":639,"thumbnail_height":461,"description":"Zweifellos befinden sich unser Volk und Staat in Not. Da\u00df die Epoche der Staatlichkeit zuende geht, hatte der scharfsinnige Analytiker Carl Schmitt schon vor rund 90 Jahren geschrieben. Auch das Volk hat seine Rolle als Tr\u00e4ger sozial und politisch bedeutsamer Funktionen eingeb\u00fc\u00dft. Es ist funktionslos geworden.[1] Winfried Kn\u00f6rzer, Farben der Macht, 2021, ISBN 978-3-938176-90-0., S.188 [&hellip;]"}

Zweifellos befinden sich unser Volk und Staat in Not. Daß die Epoche der Staatlichkeit zuende geht, hatte der scharfsinnige Analytiker Carl Schmitt schon vor rund 90 Jahren geschrieben. Auch das Volk hat seine Rolle als Träger sozial und politisch bedeutsamer Funktionen eingebüßt. Es ist funktionslos geworden.[1] Winfried Knörzer, Farben der Macht, 2021, ISBN 978-3-938176-90-0., S.188 [&hellip;]
