{"version":"1.0","provider_name":"Klaus Kunze","provider_url":"https:\/\/klauskunze.com\/blog","author_name":"Klaus Kunze","author_url":"https:\/\/klauskunze.com\/blog\/author\/klaus-kunze\/","title":"Sterbendes Volk - k\u00f6nnen wir uns den Strick nehmen? - Klaus Kunze","type":"rich","width":600,"height":338,"html":"<blockquote class=\"wp-embedded-content\" data-secret=\"qKUzZd45ZD\"><a href=\"https:\/\/klauskunze.com\/blog\/2023\/01\/06\/sterbendes-volk-koennen-wir-uns-den-strick-nehmen\/\">Sterbendes Volk &#8211; k\u00f6nnen wir uns den Strick nehmen?<\/a><\/blockquote><iframe sandbox=\"allow-scripts\" security=\"restricted\" src=\"https:\/\/klauskunze.com\/blog\/2023\/01\/06\/sterbendes-volk-koennen-wir-uns-den-strick-nehmen\/embed\/#?secret=qKUzZd45ZD\" width=\"600\" height=\"338\" title=\"&#8222;Sterbendes Volk &#8211; k\u00f6nnen wir uns den Strick nehmen?&#8220; &#8211; Klaus Kunze\" data-secret=\"qKUzZd45ZD\" frameborder=\"0\" marginwidth=\"0\" marginheight=\"0\" scrolling=\"no\" class=\"wp-embedded-content\"><\/iframe><script type=\"text\/javascript\">\n\/* <![CDATA[ *\/\n\/*! This file is auto-generated *\/\n!function(d,l){\"use strict\";l.querySelector&&d.addEventListener&&\"undefined\"!=typeof URL&&(d.wp=d.wp||{},d.wp.receiveEmbedMessage||(d.wp.receiveEmbedMessage=function(e){var t=e.data;if((t||t.secret||t.message||t.value)&&!\/[^a-zA-Z0-9]\/.test(t.secret)){for(var s,r,n,a=l.querySelectorAll('iframe[data-secret=\"'+t.secret+'\"]'),o=l.querySelectorAll('blockquote[data-secret=\"'+t.secret+'\"]'),c=new RegExp(\"^https?:$\",\"i\"),i=0;i<o.length;i++)o[i].style.display=\"none\";for(i=0;i<a.length;i++)s=a[i],e.source===s.contentWindow&&(s.removeAttribute(\"style\"),\"height\"===t.message?(1e3<(r=parseInt(t.value,10))?r=1e3:~~r<200&&(r=200),s.height=r):\"link\"===t.message&&(r=new URL(s.getAttribute(\"src\")),n=new URL(t.value),c.test(n.protocol))&&n.host===r.host&&l.activeElement===s&&(d.top.location.href=t.value))}},d.addEventListener(\"message\",d.wp.receiveEmbedMessage,!1),l.addEventListener(\"DOMContentLoaded\",function(){for(var e,t,s=l.querySelectorAll(\"iframe.wp-embedded-content\"),r=0;r<s.length;r++)(t=(e=s[r]).getAttribute(\"data-secret\"))||(t=Math.random().toString(36).substring(2,12),e.src+=\"#?secret=\"+t,e.setAttribute(\"data-secret\",t)),e.contentWindow.postMessage({message:\"ready\",secret:t},\"*\")},!1)))}(window,document);\n\/\/# sourceURL=https:\/\/klauskunze.com\/blog\/wp-includes\/js\/wp-embed.min.js\n\/* ]]> *\/\n<\/script>\n","thumbnail_url":"https:\/\/klauskunze.com\/blog\/wp-content\/uploads\/2023\/01\/DSC_0004a.jpg","thumbnail_width":1400,"thumbnail_height":1196,"description":"Die anderen werden st\u00e4ndig mehr und wir weniger. Jetzt jammern \u00fcber Fachkr\u00e4ftemangel politische Kr\u00e4fte, die verantwortlich sind f\u00fcr die seit Jahrzehnten Jahr f\u00fcr Jahr verh\u00fcteten oder abgetriebenen Kinder. Unter der Fahne der Emanzipation wurden ganze Generationen Ungeborener ins Klo gesp\u00fclt. An ihrer Stelle besiedelte man zum Beispiel Berliner Stadtteile mit Orientalen. Da\u00df wir Eingeborene der [&hellip;]"}

Sterbendes Volk - können wir uns den Strick nehmen? - Klaus Kunze

<blockquote class="wp-embedded-content" data-secret="qKUzZd45ZD"><a href="https://klauskunze.com/blog/2023/01/06/sterbendes-volk-koennen-wir-uns-den-strick-nehmen/">Sterbendes Volk &#8211; können wir uns den Strick nehmen?</a></blockquote><iframe sandbox="allow-scripts" security="restricted" src="https://klauskunze.com/blog/2023/01/06/sterbendes-volk-koennen-wir-uns-den-strick-nehmen/embed/#?secret=qKUzZd45ZD" width="600" height="338" title="&#8222;Sterbendes Volk &#8211; können wir uns den Strick nehmen?&#8220; &#8211; Klaus Kunze" data-secret="qKUzZd45ZD" frameborder="0" marginwidth="0" marginheight="0" scrolling="no" class="wp-embedded-content"></iframe><script type="text/javascript">
/* <![CDATA[ */
/*! This file is auto-generated */
!function(d,l){"use strict";l.querySelector&&d.addEventListener&&"undefined"!=typeof URL&&(d.wp=d.wp||{},d.wp.receiveEmbedMessage||(d.wp.receiveEmbedMessage=function(e){var t=e.data;if((t||t.secret||t.message||t.value)&&!/[^a-zA-Z0-9]/.test(t.secret)){for(var s,r,n,a=l.querySelectorAll('iframe[data-secret="'+t.secret+'"]'),o=l.querySelectorAll('blockquote[data-secret="'+t.secret+'"]'),c=new RegExp("^https?:$","i"),i=0;i<o.length;i++)o[i].style.display="none";for(i=0;i<a.length;i++)s=a[i],e.source===s.contentWindow&&(s.removeAttribute("style"),"height"===t.message?(1e3<(r=parseInt(t.value,10))?r=1e3:~~r<200&&(r=200),s.height=r):"link"===t.message&&(r=new URL(s.getAttribute("src")),n=new URL(t.value),c.test(n.protocol))&&n.host===r.host&&l.activeElement===s&&(d.top.location.href=t.value))}},d.addEventListener("message",d.wp.receiveEmbedMessage,!1),l.addEventListener("DOMContentLoaded",function(){for(var e,t,s=l.querySelectorAll("iframe.wp-embedded-content"),r=0;r<s.length;r++)(t=(e=s[r]).getAttribute("data-secret"))||(t=Math.random().toString(36).substring(2,12),e.src+="#?secret="+t,e.setAttribute("data-secret",t)),e.contentWindow.postMessage({message:"ready",secret:t},"*")},!1)))}(window,document);
//# sourceURL=https://klauskunze.com/blog/wp-includes/js/wp-embed.min.js
/* ]]> */
</script>

Die anderen werden ständig mehr und wir weniger. Jetzt jammern über Fachkräftemangel politische Kräfte, die verantwortlich sind für die seit Jahrzehnten Jahr für Jahr verhüteten oder abgetriebenen Kinder. Unter der Fahne der Emanzipation wurden ganze Generationen Ungeborener ins Klo gespült. An ihrer Stelle besiedelte man zum Beispiel Berliner Stadtteile mit Orientalen. Daß wir Eingeborene der [&hellip;]
